{"id":36,"date":"2018-08-27T16:40:58","date_gmt":"2018-08-27T14:40:58","guid":{"rendered":"http:\/\/maler-vladetic.de\/?page_id=36"},"modified":"2020-05-12T12:40:35","modified_gmt":"2020-05-12T10:40:35","slug":"impressum","status":"publish","type":"page","link":"http:\/\/maler-vladetic.de\/index.php\/impressum\/","title":{"rendered":"Impressum"},"content":{"rendered":"<section class=\"l-section wpb_row height_medium\"><div class=\"l-section-h i-cf\"><div class=\"g-cols vc_row via_flex valign_top type_default stacking_default\"><div class=\"vc_col-sm-6 wpb_column vc_column_container\"><div class=\"vc_column-inner\"><div class=\"wpb_wrapper\"><div class=\"w-image align_none\"><div class=\"w-image-h\"><img loading=\"lazy\" decoding=\"async\" width=\"400\" height=\"448\" src=\"http:\/\/maler-vladetic.de\/wp-content\/uploads\/2018\/08\/hand.jpg\" class=\"attachment-us_600_600_crop size-us_600_600_crop\" alt=\"\" srcset=\"http:\/\/maler-vladetic.de\/wp-content\/uploads\/2018\/08\/hand.jpg 400w, http:\/\/maler-vladetic.de\/wp-content\/uploads\/2018\/08\/hand-268x300.jpg 268w\" sizes=\"auto, (max-width: 400px) 100vw, 400px\" \/><\/div><\/div><div class=\"wpb_text_column\"><div class=\"wpb_wrapper\"><h6>Haftungsausschluss:<\/h6>\n<p>Haftung f\u00fcr Inhalte<br \/>\nDie Inhalte unserer Seiten wurden mit gr\u00f6\u00dfter Sorgfalt erstellt. F\u00fcr die Richtigkeit, Vollst\u00e4ndigkeit und Aktualit\u00e4t der Inhalte k\u00f6nnen wir jedoch keine Gew\u00e4hr \u00fcbernehmen. Als Diensteanbieter sind wir gem\u00e4\u00df \u00a7 7 Abs.1 TMG f\u00fcr eigene Inhalte auf diesen Seiten nach den allgemeinen Gesetzen verantwortlich. Nach \u00a7\u00a7 8 bis 10 TMG sind wir als Diensteanbieter jedoch nicht verpflichtet, \u00fcbermittelte oder gespeicherte fremde Informationen zu \u00fcberwachen oder nach Umst\u00e4nden zu forschen, die auf eine rechtswidrige T\u00e4tigkeit hinweisen. Verpflichtungen zur Entfernung oder Sperrung der Nutzung von Informationen nach den allgemeinen Gesetzen bleiben hiervon unber\u00fchrt. Eine diesbez\u00fcgliche Haftung ist jedoch erst ab dem Zeitpunkt der Kenntnis einer konkreten Rechtsverletzung m\u00f6glich. Bei Bekanntwerden von entsprechenden Rechtsverletzungen werden wir diese Inhalte umgehend entfernen.<br \/>\nHaftung f\u00fcr Links<br \/>\nUnser Angebot enth\u00e4lt Links zu externen Webseiten Dritter, auf deren Inhalte wir keinen Einfluss haben. Deshalb k\u00f6nnen wir f\u00fcr diese fremden Inhalte auch keine Gew\u00e4hr \u00fcbernehmen. F\u00fcr die Inhalte der verlinkten Seiten ist stets der jeweilige Anbieter oder Betreiber der Seiten verantwortlich. Die verlinkten Seiten wurden zum Zeitpunkt der Verlinkung auf m\u00f6gliche Rechtsverst\u00f6\u00dfe \u00fcberpr\u00fcft. Rechtswidrige Inhalte waren zum Zeitpunkt der Verlinkung nicht erkennbar. Eine permanente inhaltliche Kontrolle der verlinkten Seiten ist jedoch ohne konkrete Anhaltspunkte einer Rechtsverletzung nicht zumutbar. Bei Bekanntwerden von Rechtsverletzungen werden wir derartige Links umgehend entfernen.<\/p>\n<\/div><\/div><\/div><\/div><\/div><div class=\"vc_col-sm-6 wpb_column vc_column_container\"><div class=\"vc_column-inner us_custom_a874c9af\"><div class=\"wpb_wrapper\"><div class=\"wpb_text_column\"><div class=\"wpb_wrapper\"><h3>Impressum &amp; Kontakt<\/h3>\n<p>Betreiber und inhaltlich Verantwortlicher gem\u00e4\u00df \u00a7 10 Absatz 3 MDStV:<\/p>\n<\/div><\/div><div class=\"g-cols wpb_row via_flex valign_top type_default stacking_default\"><div class=\"vc_col-sm-6 wpb_column vc_column_container\"><div class=\"vc_column-inner\"><div class=\"wpb_wrapper\"><div class=\"w-iconbox iconpos_left style_default color_primary align_left no_text\"><div class=\"w-iconbox-icon\" style=\"font-size:2rem;\"><i class=\"material-icons\">home<\/i><\/div><div class=\"w-iconbox-meta\"><h6 class=\"w-iconbox-title\">Niko Vladetic<\/h6><\/div><\/div><div class=\"w-iconbox iconpos_left style_default color_primary align_left no_text\"><div class=\"w-iconbox-icon\" style=\"font-size:2rem;\"><i class=\"fas fa-sta\"><\/i><\/div><div class=\"w-iconbox-meta\"><h6 class=\"w-iconbox-title\">Boschstrasse 5<\/h6><\/div><\/div><div class=\"w-iconbox iconpos_left style_default color_primary align_left no_text\"><div class=\"w-iconbox-icon\" style=\"font-size:2rem;\"><i class=\"fas fa-sta\"><\/i><\/div><div class=\"w-iconbox-meta\"><h6 class=\"w-iconbox-title\">71254 Ditzingen<\/h6><\/div><\/div><\/div><\/div><\/div><div class=\"vc_col-sm-6 wpb_column vc_column_container\"><div class=\"vc_column-inner\"><div class=\"wpb_wrapper\"><div class=\"w-iconbox iconpos_left style_default color_primary align_left no_text\"><div class=\"w-iconbox-icon\" style=\"font-size:2rem;\"><i class=\"material-icons\">mail<\/i><\/div><div class=\"w-iconbox-meta\"><h6 class=\"w-iconbox-title\">info@maler-vladetic.de<\/h6><\/div><\/div><\/div><\/div><\/div><\/div><div class=\"w-separator size_medium\"><\/div><div class=\"wpb_text_column\"><div class=\"wpb_wrapper\"><p>Zust\u00e4ndige Kammer: Handwerkskammer Stuttgart<\/p>\n<p>Berufsbezeichnung: Maler- und Lackierermeister<\/p>\n<p>Steuernummer: DE 205926993<\/p>\n<\/div><\/div><div class=\"w-separator size_medium with_line width_default thick_1 style_solid color_primary align_center\"><div class=\"w-separator-h\"><\/div><\/div><div class=\"wpb_text_column\"><div class=\"wpb_wrapper\"><h6>Kontaktformular<\/h6>\n<\/div><\/div><form class=\"w-form  layout_ver for_cform us_form_1\" autocomplete=\"off\" action=\"http:\/\/maler-vladetic.de\/index.php\/wp-json\/wp\/v2\/pages\/36\" method=\"post\"><div class=\"w-form-h\"><div class=\"w-form-row for_text has_label required with_icon\">\r\n\t\t\t<div class=\"w-form-row-label\">\r\n\t\t\t<span>Name *<\/span>\r\n\t\t<\/div>\r\n\t\t<div class=\"w-form-row-field\">\r\n\t\t\t\t<i class=\"material-icons\">person<\/i>\t\t<input aria-label=\"Name\" type=\"text\" name=\"us_form_1_text_1\" value placeholder data-required=\"true\" aria-required=\"true\"\/>\r\n\t\t\t<\/div>\r\n\t\t<div class=\"w-form-row-state\">Bitte f\u00fcllen Sie dieses Feld aus.<\/div>\r\n<\/div>\r\n<div class=\"w-form-row for_text has_label required with_icon\">\r\n\t\t\t<div class=\"w-form-row-label\">\r\n\t\t\t<span>E-Mail *<\/span>\r\n\t\t<\/div>\r\n\t\t<div class=\"w-form-row-field\">\r\n\t\t\t\t<i class=\"material-icons\">email<\/i>\t\t<input aria-label=\"E-Mail\" type=\"text\" name=\"us_form_1_text_2\" value placeholder data-required=\"true\" aria-required=\"true\"\/>\r\n\t\t\t<\/div>\r\n\t\t<div class=\"w-form-row-state\">Bitte f\u00fcllen Sie dieses Feld aus.<\/div>\r\n<\/div>\r\n<div class=\"w-form-row for_textarea has_label required with_icon\">\r\n\t\t\t<div class=\"w-form-row-label\">\r\n\t\t\t<span>Text *<\/span>\r\n\t\t<\/div>\r\n\t\t<div class=\"w-form-row-field\">\r\n\t\t\t\t<i class=\"material-icons\">create<\/i>\t\t<textarea aria-label=\"Text\" name=\"us_form_1_textarea_1\" placeholder data-required=\"true\" aria-required=\"true\"><\/textarea>\r\n\t\t\t<\/div>\r\n\t\t<div class=\"w-form-row-state\">Bitte f\u00fcllen Sie dieses Feld aus.<\/div>\r\n<\/div>\r\n<div class=\"w-form-row for_captcha has_label required with_icon\">\r\n\t<div class=\"w-form-row-label\">\r\n\t\t<span>Bitte geben Sie das Ergebnis ein, um fortzufahren <span>25 - 7 = ?<\/span><\/span>\r\n\t<\/div>\r\n\t<div class=\"w-form-row-field\">\r\n\t\t\t\t<input type=\"hidden\" name=\"us_form_1_captcha_1_hash\" value=\"96cc457b50b55ec2c4d4f0249d3d6cf6\" \/>\r\n\t\t<i class=\"material-icons\">extension<\/i>\t\t<input aria-label=\"Bitte geben Sie das Ergebnis ein, um fortzufahren\" type=\"text\" name=\"us_form_1_captcha_1\" placeholder data-required=\"true\" aria-required=\"true\"\/>\r\n\t\t\t<\/div>\r\n\t\t<div class=\"w-form-row-state\">Bitte geben Sie das Ergebnis ein, um fortzufahren<\/div>\r\n<\/div>\r\n<input type=\"hidden\" name=\"action\" value=\"us_ajax_cform\" \/>\r\n<input type=\"hidden\" name=\"post_id\" value=\"0\" \/>\r\n<input type=\"hidden\" name=\"form_index\" value=\"1\" \/>\r\n<div class=\"w-form-row for_submit  align_none\">\r\n\t<button class=\"w-btn  us-btn-style_3\" aria-label=\"Senden\" type=\"submit\">\r\n\t\t<span class=\"g-preloader type_1\"><\/span>\r\n\t\t\t\t<span class=\"w-btn-label\">Senden<\/span>\r\n\t\t\t<\/button>\r\n\t<\/div>\r\n<\/div><div class=\"w-form-message\"><\/div><div class=\"w-form-json hidden\" onclick='return {&quot;ajaxurl&quot;:&quot;http:\\\/\\\/maler-vladetic.de\\\/wp-admin\\\/admin-ajax.php&quot;,&quot;messages&quot;:{&quot;err_empty&quot;:&quot;Bitte f\\u00fcllen Sie dieses Feld aus.&quot;,&quot;err_size&quot;:&quot;Die Dateigr\\u00f6\\u00dfe darf %s MB nicht \\u00fcberschreiten&quot;,&quot;err_extension&quot;:&quot;Dateityp %s ist nicht zul\\u00e4ssig&quot;}}'><\/div><\/form><div class=\"w-separator size_medium with_line width_default thick_1 style_solid color_primary align_center\"><div class=\"w-separator-h\"><\/div><\/div><\/div><\/div><\/div><\/div><\/div><\/section>\n","protected":false},"excerpt":{"rendered":"Haftungsausschluss: Haftung f\u00fcr Inhalte Die Inhalte unserer Seiten wurden mit gr\u00f6\u00dfter Sorgfalt erstellt. F\u00fcr die Richtigkeit, Vollst\u00e4ndigkeit und Aktualit\u00e4t der Inhalte k\u00f6nnen wir jedoch keine Gew\u00e4hr \u00fcbernehmen. Als Diensteanbieter sind wir gem\u00e4\u00df \u00a7 7 Abs.1 TMG f\u00fcr eigene Inhalte auf diesen Seiten nach den allgemeinen Gesetzen verantwortlich. Nach \u00a7\u00a7 8 bis 10 TMG sind wir...","protected":false},"author":1,"featured_media":0,"parent":0,"menu_order":0,"comment_status":"closed","ping_status":"closed","template":"","meta":{"footnotes":""},"class_list":["post-36","page","type-page","status-publish","hentry"],"_links":{"self":[{"href":"http:\/\/maler-vladetic.de\/index.php\/wp-json\/wp\/v2\/pages\/36","targetHints":{"allow":["GET"]}}],"collection":[{"href":"http:\/\/maler-vladetic.de\/index.php\/wp-json\/wp\/v2\/pages"}],"about":[{"href":"http:\/\/maler-vladetic.de\/index.php\/wp-json\/wp\/v2\/types\/page"}],"author":[{"embeddable":true,"href":"http:\/\/maler-vladetic.de\/index.php\/wp-json\/wp\/v2\/users\/1"}],"replies":[{"embeddable":true,"href":"http:\/\/maler-vladetic.de\/index.php\/wp-json\/wp\/v2\/comments?post=36"}],"version-history":[{"count":0,"href":"http:\/\/maler-vladetic.de\/index.php\/wp-json\/wp\/v2\/pages\/36\/revisions"}],"wp:attachment":[{"href":"http:\/\/maler-vladetic.de\/index.php\/wp-json\/wp\/v2\/media?parent=36"}],"curies":[{"name":"wp","href":"https:\/\/api.w.org\/{rel}","templated":true}]}}

<section class="l-section wpb_row height_medium"><div class="l-section-h i-cf"><div class="g-cols vc_row via_flex valign_top type_default stacking_default"><div class="vc_col-sm-6 wpb_column vc_column_container"><div class="vc_column-inner"><div class="wpb_wrapper"><div class="w-image align_none"><div class="w-image-h"><img loading="lazy" decoding="async" width="400" height="448" src="http://maler-vladetic.de/wp-content/uploads/2018/08/hand.jpg" class="attachment-us_600_600_crop size-us_600_600_crop" alt="" srcset="http://maler-vladetic.de/wp-content/uploads/2018/08/hand.jpg 400w, http://maler-vladetic.de/wp-content/uploads/2018/08/hand-268x300.jpg 268w" sizes="auto, (max-width: 400px) 100vw, 400px" /></div></div><div class="wpb_text_column"><div class="wpb_wrapper"><h6>Haftungsausschluss:</h6>
<p>Haftung für Inhalte<br />
Die Inhalte unserer Seiten wurden mit größter Sorgfalt erstellt. Für die Richtigkeit, Vollständigkeit und Aktualität der Inhalte können wir jedoch keine Gewähr übernehmen. Als Diensteanbieter sind wir gemäß § 7 Abs.1 TMG für eigene Inhalte auf diesen Seiten nach den allgemeinen Gesetzen verantwortlich. Nach §§ 8 bis 10 TMG sind wir als Diensteanbieter jedoch nicht verpflichtet, übermittelte oder gespeicherte fremde Informationen zu überwachen oder nach Umständen zu forschen, die auf eine rechtswidrige Tätigkeit hinweisen. Verpflichtungen zur Entfernung oder Sperrung der Nutzung von Informationen nach den allgemeinen Gesetzen bleiben hiervon unberührt. Eine diesbezügliche Haftung ist jedoch erst ab dem Zeitpunkt der Kenntnis einer konkreten Rechtsverletzung möglich. Bei Bekanntwerden von entsprechenden Rechtsverletzungen werden wir diese Inhalte umgehend entfernen.<br />
Haftung für Links<br />
Unser Angebot enthält Links zu externen Webseiten Dritter, auf deren Inhalte wir keinen Einfluss haben. Deshalb können wir für diese fremden Inhalte auch keine Gewähr übernehmen. Für die Inhalte der verlinkten Seiten ist stets der jeweilige Anbieter oder Betreiber der Seiten verantwortlich. Die verlinkten Seiten wurden zum Zeitpunkt der Verlinkung auf mögliche Rechtsverstöße überprüft. Rechtswidrige Inhalte waren zum Zeitpunkt der Verlinkung nicht erkennbar. Eine permanente inhaltliche Kontrolle der verlinkten Seiten ist jedoch ohne konkrete Anhaltspunkte einer Rechtsverletzung nicht zumutbar. Bei Bekanntwerden von Rechtsverletzungen werden wir derartige Links umgehend entfernen.</p>
</div></div></div></div></div><div class="vc_col-sm-6 wpb_column vc_column_container"><div class="vc_column-inner us_custom_a874c9af"><div class="wpb_wrapper"><div class="wpb_text_column"><div class="wpb_wrapper"><h3>Impressum &amp; Kontakt</h3>
<p>Betreiber und inhaltlich Verantwortlicher gemäß § 10 Absatz 3 MDStV:</p>
</div></div><div class="g-cols wpb_row via_flex valign_top type_default stacking_default"><div class="vc_col-sm-6 wpb_column vc_column_container"><div class="vc_column-inner"><div class="wpb_wrapper"><div class="w-iconbox iconpos_left style_default color_primary align_left no_text"><div class="w-iconbox-icon" style="font-size:2rem;"><i class="material-icons">home</i></div><div class="w-iconbox-meta"><h6 class="w-iconbox-title">Niko Vladetic</h6></div></div><div class="w-iconbox iconpos_left style_default color_primary align_left no_text"><div class="w-iconbox-icon" style="font-size:2rem;"><i class="fas fa-sta"></i></div><div class="w-iconbox-meta"><h6 class="w-iconbox-title">Boschstrasse 5</h6></div></div><div class="w-iconbox iconpos_left style_default color_primary align_left no_text"><div class="w-iconbox-icon" style="font-size:2rem;"><i class="fas fa-sta"></i></div><div class="w-iconbox-meta"><h6 class="w-iconbox-title">71254 Ditzingen</h6></div></div></div></div></div><div class="vc_col-sm-6 wpb_column vc_column_container"><div class="vc_column-inner"><div class="wpb_wrapper"><div class="w-iconbox iconpos_left style_default color_primary align_left no_text"><div class="w-iconbox-icon" style="font-size:2rem;"><i class="material-icons">mail</i></div><div class="w-iconbox-meta"><h6 class="w-iconbox-title">info@maler-vladetic.de</h6></div></div></div></div></div></div><div class="w-separator size_medium"></div><div class="wpb_text_column"><div class="wpb_wrapper"><p>Zuständige Kammer: Handwerkskammer Stuttgart</p>
<p>Berufsbezeichnung: Maler- und Lackierermeister</p>
<p>Steuernummer: DE 205926993</p>
</div></div><div class="w-separator size_medium with_line width_default thick_1 style_solid color_primary align_center"><div class="w-separator-h"></div></div><div class="wpb_text_column"><div class="wpb_wrapper"><h6>Kontaktformular</h6>
</div></div><form class="w-form  layout_ver for_cform us_form_1" autocomplete="off" action="http://maler-vladetic.de/index.php/wp-json/wp/v2/pages/36" method="post"><div class="w-form-h"><div class="w-form-row for_text has_label required with_icon">
			<div class="w-form-row-label">
			<span>Name *</span>
		</div>
		<div class="w-form-row-field">
				<i class="material-icons">person</i>		<input aria-label="Name" type="text" name="us_form_1_text_1" value placeholder data-required="true" aria-required="true"/>
			</div>
		<div class="w-form-row-state">Bitte füllen Sie dieses Feld aus.</div>
</div>
<div class="w-form-row for_text has_label required with_icon">
			<div class="w-form-row-label">
			<span>E-Mail *</span>
		</div>
		<div class="w-form-row-field">
				<i class="material-icons">email</i>		<input aria-label="E-Mail" type="text" name="us_form_1_text_2" value placeholder data-required="true" aria-required="true"/>
			</div>
		<div class="w-form-row-state">Bitte füllen Sie dieses Feld aus.</div>
</div>
<div class="w-form-row for_textarea has_label required with_icon">
			<div class="w-form-row-label">
			<span>Text *</span>
		</div>
		<div class="w-form-row-field">
				<i class="material-icons">create</i>		<textarea aria-label="Text" name="us_form_1_textarea_1" placeholder data-required="true" aria-required="true"></textarea>
			</div>
		<div class="w-form-row-state">Bitte füllen Sie dieses Feld aus.</div>
</div>
<div class="w-form-row for_captcha has_label required with_icon">
	<div class="w-form-row-label">
		<span>Bitte geben Sie das Ergebnis ein, um fortzufahren <span>25 - 7 = ?</span></span>
	</div>
	<div class="w-form-row-field">
				<input type="hidden" name="us_form_1_captcha_1_hash" value="96cc457b50b55ec2c4d4f0249d3d6cf6" />
		<i class="material-icons">extension</i>		<input aria-label="Bitte geben Sie das Ergebnis ein, um fortzufahren" type="text" name="us_form_1_captcha_1" placeholder data-required="true" aria-required="true"/>
			</div>
		<div class="w-form-row-state">Bitte geben Sie das Ergebnis ein, um fortzufahren</div>
</div>
<input type="hidden" name="action" value="us_ajax_cform" />
<input type="hidden" name="post_id" value="0" />
<input type="hidden" name="form_index" value="1" />
<div class="w-form-row for_submit  align_none">
	<button class="w-btn  us-btn-style_3" aria-label="Senden" type="submit">
		<span class="g-preloader type_1"></span>
				<span class="w-btn-label">Senden</span>
			</button>
	</div>
</div><div class="w-form-message"></div><div class="w-form-json hidden" onclick='return {&quot;ajaxurl&quot;:&quot;http:\/\/maler-vladetic.de\/wp-admin\/admin-ajax.php&quot;,&quot;messages&quot;:{&quot;err_empty&quot;:&quot;Bitte f\u00fcllen Sie dieses Feld aus.&quot;,&quot;err_size&quot;:&quot;Die Dateigr\u00f6\u00dfe darf %s MB nicht \u00fcberschreiten&quot;,&quot;err_extension&quot;:&quot;Dateityp %s ist nicht zul\u00e4ssig&quot;}}'></div></form><div class="w-separator size_medium with_line width_default thick_1 style_solid color_primary align_center"><div class="w-separator-h"></div></div></div></div></div></div></div></section>

Haftungsausschluss: Haftung für Inhalte Die Inhalte unserer Seiten wurden mit größter Sorgfalt erstellt. Für die Richtigkeit, Vollständigkeit und Aktualität der Inhalte können wir jedoch keine Gewähr übernehmen. Als Diensteanbieter sind wir gemäß § 7 Abs.1 TMG für eigene Inhalte auf diesen Seiten nach den allgemeinen Gesetzen verantwortlich. Nach §§ 8 bis 10 TMG sind wir...
